{"id":178,"date":"2015-06-27T15:17:15","date_gmt":"2015-06-27T13:17:15","guid":{"rendered":"http:\/\/www.heligolandpilgrimscc.de\/cms\/?page_id=178"},"modified":"2022-09-05T22:43:41","modified_gmt":"2022-09-05T20:43:41","slug":"cricket-auf-helgoland","status":"publish","type":"page","link":"https:\/\/www.heligolandpilgrimscc.de\/cms\/?page_id=178","title":{"rendered":"&#8222;Cricket auf Helgoland&#8220;"},"content":{"rendered":"<p><strong>Cricket auf Helgoland<\/strong><\/p>\n<p>(Melodie: Tulpen aus Amsterdam, Text: Max Minor)<\/p>\n<p>Wenn der Sommer kommt,<br \/>\ndann spielen wir: Cricket auf Helgoland.<br \/>\nWenn die F\u00e4hre kommt,<br \/>\ndann werfen wir: B\u00e4lle auf Helgoland.<br \/>\nWenn wir wiederkomm\u2018,<br \/>\ndann schlagen wir: B\u00e4lle auf Helgoland.<br \/>\nTausend rote, tausend gr\u00fcne,<br \/>\nauf dem Sportplatz, vor der D\u00fcne.<br \/>\nUnd wir freuen uns alle zusamm\u2018,<br \/>\n\u00fcber Cricket auf Helgoland.<\/p>\n<p>Wenn sie Sonne scheint,<br \/>\ndann trinken wir: ERDINGER Weizenbier.<br \/>\nWenn es st\u00fcrmt und schneit,<br \/>\ndann trinken wir: ERDINGER Weizenbier.<br \/>\nUnd auf Helgoland,<br \/>\nda trinken wir: ERDINGER Weizenbier.<br \/>\nEin, zwei Dunkle, ein zwei Helle,<br \/>\ndas geht immer, auf die Schnelle.<br \/>\nJa wir freu\u2019n uns besonders auch hier,<br \/>\n\u00fcber ERDINGER Weizenbier.<\/p>\n<p>&nbsp;<\/p>\n<p><iframe loading=\"lazy\" src=\"https:\/\/www.youtube.com\/embed\/mMBUG7DVs8E\" width=\"420\" height=\"315\" frameborder=\"0\" allowfullscreen=\"allowfullscreen\"><\/iframe><\/p>\n<p>&nbsp;<\/p>\n<p><strong>Cricket op Helgoland<\/strong><\/p>\n<p>(Melodie: Tulpen uit Amsterdam, Vertaling: Martje Postma)<\/p>\n<p>Als de zomer komt,<br \/>\ndan spelen wij: Cricket op Helgoland.<br \/>\nAls de veerboot komt,<br \/>\ndan gooien wij: ballen op Helgoland.<br \/>\nEn daar gaan wij weer,<br \/>\nen treffen weer: ballen op Helgoland.<br \/>\nDuizend groene, duizend rooie,<br \/>\nop het sportveld, dat hele mooie &#8211;<br \/>\nvoor de D\u00fcne staan wij als verband<br \/>\nblij met Cricket op Helgoland!<\/p>\n<p>Als het zonnetje schijnt,<br \/>\ndan drinken wij:ERDINGER Weizenbier.<br \/>\nAls alles in regen verdwijnt,<br \/>\ndan drinken wij: ERDINGER Weizenbier.<br \/>\nEn op Helgoland,<br \/>\ndaar ook drinken wij:ERDINGER Weizenbier.<br \/>\nEen paar Dunkle, een paar Helle,<br \/>\nuit die fijne, grote bellen!<br \/>\nJa geweldig is\u2019t voor allen hier<br \/>\nmet ERDINGER Weizenbier.<\/p>\n","protected":false},"excerpt":{"rendered":"<p>Cricket auf Helgoland (Melodie: Tulpen aus Amsterdam, Text: Max Minor) Wenn der Sommer kommt, dann spielen wir: Cricket auf Helgoland. Wenn die F\u00e4hre kommt, dann werfen wir: B\u00e4lle auf Helgoland. Wenn wir wiederkomm\u2018, dann schlagen wir: B\u00e4lle auf Helgoland. Tausend rote, tausend gr\u00fcne, auf dem Sportplatz, vor der D\u00fcne. Und wir freuen uns alle zusamm\u2018, <a class=\"read-more\" href=\"https:\/\/www.heligolandpilgrimscc.de\/cms\/?page_id=178\">[&hellip;]<\/a><\/p>\n","protected":false},"author":3,"featured_media":0,"parent":0,"menu_order":0,"comment_status":"closed","ping_status":"closed","template":"","meta":{"footnotes":""},"class_list":["post-178","page","type-page","status-publish","hentry"],"_links":{"self":[{"href":"https:\/\/www.heligolandpilgrimscc.de\/cms\/index.php?rest_route=\/wp\/v2\/pages\/178","targetHints":{"allow":["GET"]}}],"collection":[{"href":"https:\/\/www.heligolandpilgrimscc.de\/cms\/index.php?rest_route=\/wp\/v2\/pages"}],"about":[{"href":"https:\/\/www.heligolandpilgrimscc.de\/cms\/index.php?rest_route=\/wp\/v2\/types\/page"}],"author":[{"embeddable":true,"href":"https:\/\/www.heligolandpilgrimscc.de\/cms\/index.php?rest_route=\/wp\/v2\/users\/3"}],"replies":[{"embeddable":true,"href":"https:\/\/www.heligolandpilgrimscc.de\/cms\/index.php?rest_route=%2Fwp%2Fv2%2Fcomments&post=178"}],"version-history":[{"count":1,"href":"https:\/\/www.heligolandpilgrimscc.de\/cms\/index.php?rest_route=\/wp\/v2\/pages\/178\/revisions"}],"predecessor-version":[{"id":1565,"href":"https:\/\/www.heligolandpilgrimscc.de\/cms\/index.php?rest_route=\/wp\/v2\/pages\/178\/revisions\/1565"}],"wp:attachment":[{"href":"https:\/\/www.heligolandpilgrimscc.de\/cms\/index.php?rest_route=%2Fwp%2Fv2%2Fmedia&parent=178"}],"curies":[{"name":"wp","href":"https:\/\/api.w.org\/{rel}","templated":true}]}}